{"id":78,"date":"2016-03-24T17:52:52","date_gmt":"2016-03-24T16:52:52","guid":{"rendered":"http:\/\/www.chapelle-saintmichel-provence.fr\/archange\/?page_id=78"},"modified":"2016-03-24T17:52:52","modified_gmt":"2016-03-24T16:52:52","slug":"les-membres-createurs","status":"publish","type":"page","link":"https:\/\/www.chapelle-saintmichel-provence.fr\/archange\/association-amis-de-saint-michel\/les-membres-createurs\/","title":{"rendered":"Les membres cr\u00e9ateurs"},"content":{"rendered":"<p><img loading=\"lazy\" decoding=\"async\" class=\"size-medium wp-image-79 alignright\" src=\"http:\/\/www.chapelle-saintmichel-provence.fr\/archange\/wp-content\/uploads\/Papa-6opt-221x300.jpg\" alt=\"Papa-6opt\" width=\"221\" height=\"300\" srcset=\"https:\/\/www.chapelle-saintmichel-provence.fr\/archange\/wp-content\/uploads\/Papa-6opt-221x300.jpg 221w, https:\/\/www.chapelle-saintmichel-provence.fr\/archange\/wp-content\/uploads\/Papa-6opt.jpg 600w\" sizes=\"auto, (max-width: 221px) 100vw, 221px\" \/>Cr\u00e9\u00e9e par Jean GIRARD le 8 mars 1977 sous le N\u00b0 2217 aupr\u00e8s de la pr\u00e9fecture d\u2019Arles, elle \u00e9tait compos\u00e9e des personnes suivantes :<\/p>\n<p>Bureau de d\u00e9part : 8 mars 1977<\/p>\n<p>Pr\u00e9sident = Jean GIRARD<br \/>\nVice-pr\u00e9sidents = Abb\u00e9 COLOMB et Marius LANCE Maire de Cabannes<br \/>\nTr\u00e9sorier = Henri ANDREOZZI<br \/>\nSecr\u00e9taire = Jean Paul CHANEAC<\/p>\n<p>Comit\u00e9 de direction : le 19 mars 1977<\/p>\n<p>Pr\u00e9sident = Jean GIRARD<br \/>\nVice-pr\u00e9sidents = Abb\u00e9 COLOMB<br \/>\nVice-pr\u00e9sidents = Marius LANCE Maire de Cabannes<br \/>\nTr\u00e9sorier = Henri ANDREOZZI<br \/>\nSecr\u00e9taire = Gabriel CHAINE<br \/>\nSecr\u00e9taire adjoint = Joseph ARLAUD<\/p>\n<p>Membres :<\/p>\n<p>Louis ESTELLON<br \/>\nGabriel GRAND<br \/>\nRobert MICHEL<br \/>\nJean BENOIT<br \/>\nAubin GIAROLI<br \/>\nJulien TATON<\/p>\n","protected":false},"excerpt":{"rendered":"<p>Cr\u00e9\u00e9e par Jean GIRARD le 8 mars 1977 sous le N\u00b0 2217 aupr\u00e8s de la pr\u00e9fecture d\u2019Arles, elle \u00e9tait compos\u00e9e des personnes suivantes : Bureau de d\u00e9part : 8 mars 1977 Pr\u00e9sident = Jean GIRARD Vice-pr\u00e9sidents = Abb\u00e9 COLOMB et Marius LANCE Maire de Cabannes Tr\u00e9sorier = Henri ANDREOZZI Secr\u00e9taire = Jean Paul CHANEAC Comit\u00e9 &hellip; <a href=\"https:\/\/www.chapelle-saintmichel-provence.fr\/archange\/association-amis-de-saint-michel\/les-membres-createurs\/\" class=\"more-link\">Continuer la lecture de <span class=\"screen-reader-text\">Les membres cr\u00e9ateurs<\/span> <span class=\"meta-nav\">&rarr;<\/span><\/a><\/p>\n","protected":false},"author":1,"featured_media":0,"parent":15,"menu_order":10,"comment_status":"closed","ping_status":"closed","template":"","meta":{"footnotes":""},"class_list":["post-78","page","type-page","status-publish","hentry"],"yoast_head":"<!-- This site is optimized with the Yoast SEO plugin v27.6 - https:\/\/yoast.com\/product\/yoast-seo-wordpress\/ -->\n<title>Les membres cr\u00e9ateurs - Chapelle Saint-Michel \u00e0 Cabannes<\/title>\n<meta name=\"robots\" content=\"index, follow, max-snippet:-1, max-image-preview:large, max-video-preview:-1\" \/>\n<link rel=\"canonical\" href=\"https:\/\/www.chapelle-saintmichel-provence.fr\/archange\/association-amis-de-saint-michel\/les-membres-createurs\/\" \/>\n<meta property=\"og:locale\" content=\"fr_FR\" \/>\n<meta property=\"og:type\" content=\"article\" \/>\n<meta property=\"og:title\" content=\"Les membres cr\u00e9ateurs - Chapelle Saint-Michel \u00e0 Cabannes\" \/>\n<meta property=\"og:description\" content=\"Cr\u00e9\u00e9e par Jean GIRARD le 8 mars 1977 sous le N\u00b0 2217 aupr\u00e8s de la pr\u00e9fecture d\u2019Arles, elle \u00e9tait compos\u00e9e des personnes suivantes : Bureau de d\u00e9part : 8 mars 1977 Pr\u00e9sident = Jean GIRARD Vice-pr\u00e9sidents = Abb\u00e9 COLOMB et Marius LANCE Maire de Cabannes Tr\u00e9sorier = Henri ANDREOZZI Secr\u00e9taire = Jean Paul CHANEAC Comit\u00e9 &hellip; Continuer la lecture de Les membres cr\u00e9ateurs &rarr;\" \/>\n<meta property=\"og:url\" content=\"https:\/\/www.chapelle-saintmichel-provence.fr\/archange\/association-amis-de-saint-michel\/les-membres-createurs\/\" \/>\n<meta property=\"og:site_name\" content=\"Chapelle Saint-Michel \u00e0 Cabannes\" \/>\n<meta property=\"og:image\" content=\"http:\/\/www.chapelle-saintmichel-provence.fr\/archange\/wp-content\/uploads\/Papa-6opt-221x300.jpg\" \/>\n<meta name=\"twitter:card\" content=\"summary_large_image\" \/>\n<script type=\"application\/ld+json\" class=\"yoast-schema-graph\">{\"@context\":\"https:\\\/\\\/schema.org\",\"@graph\":[{\"@type\":\"WebPage\",\"@id\":\"https:\\\/\\\/www.chapelle-saintmichel-provence.fr\\\/archange\\\/association-amis-de-saint-michel\\\/les-membres-createurs\\\/\",\"url\":\"https:\\\/\\\/www.chapelle-saintmichel-provence.fr\\\/archange\\\/association-amis-de-saint-michel\\\/les-membres-createurs\\\/\",\"name\":\"Les membres cr\u00e9ateurs - Chapelle Saint-Michel \u00e0 Cabannes\",\"isPartOf\":{\"@id\":\"https:\\\/\\\/www.chapelle-saintmichel-provence.fr\\\/archange\\\/#website\"},\"primaryImageOfPage\":{\"@id\":\"https:\\\/\\\/www.chapelle-saintmichel-provence.fr\\\/archange\\\/association-amis-de-saint-michel\\\/les-membres-createurs\\\/#primaryimage\"},\"image\":{\"@id\":\"https:\\\/\\\/www.chapelle-saintmichel-provence.fr\\\/archange\\\/association-amis-de-saint-michel\\\/les-membres-createurs\\\/#primaryimage\"},\"thumbnailUrl\":\"http:\\\/\\\/www.chapelle-saintmichel-provence.fr\\\/archange\\\/wp-content\\\/uploads\\\/Papa-6opt-221x300.jpg\",\"datePublished\":\"2016-03-24T16:52:52+00:00\",\"breadcrumb\":{\"@id\":\"https:\\\/\\\/www.chapelle-saintmichel-provence.fr\\\/archange\\\/association-amis-de-saint-michel\\\/les-membres-createurs\\\/#breadcrumb\"},\"inLanguage\":\"fr-FR\",\"potentialAction\":[{\"@type\":\"ReadAction\",\"target\":[\"https:\\\/\\\/www.chapelle-saintmichel-provence.fr\\\/archange\\\/association-amis-de-saint-michel\\\/les-membres-createurs\\\/\"]}]},{\"@type\":\"ImageObject\",\"inLanguage\":\"fr-FR\",\"@id\":\"https:\\\/\\\/www.chapelle-saintmichel-provence.fr\\\/archange\\\/association-amis-de-saint-michel\\\/les-membres-createurs\\\/#primaryimage\",\"url\":\"https:\\\/\\\/www.chapelle-saintmichel-provence.fr\\\/archange\\\/wp-content\\\/uploads\\\/Papa-6opt.jpg\",\"contentUrl\":\"https:\\\/\\\/www.chapelle-saintmichel-provence.fr\\\/archange\\\/wp-content\\\/uploads\\\/Papa-6opt.jpg\",\"width\":600,\"height\":814},{\"@type\":\"BreadcrumbList\",\"@id\":\"https:\\\/\\\/www.chapelle-saintmichel-provence.fr\\\/archange\\\/association-amis-de-saint-michel\\\/les-membres-createurs\\\/#breadcrumb\",\"itemListElement\":[{\"@type\":\"ListItem\",\"position\":1,\"name\":\"Accueil\",\"item\":\"https:\\\/\\\/www.chapelle-saintmichel-provence.fr\\\/archange\\\/\"},{\"@type\":\"ListItem\",\"position\":2,\"name\":\"Association des amis de Saint-Michel\",\"item\":\"https:\\\/\\\/www.chapelle-saintmichel-provence.fr\\\/archange\\\/association-amis-de-saint-michel\\\/\"},{\"@type\":\"ListItem\",\"position\":3,\"name\":\"Les membres cr\u00e9ateurs\"}]},{\"@type\":\"WebSite\",\"@id\":\"https:\\\/\\\/www.chapelle-saintmichel-provence.fr\\\/archange\\\/#website\",\"url\":\"https:\\\/\\\/www.chapelle-saintmichel-provence.fr\\\/archange\\\/\",\"name\":\"Chapelle Saint-Michel \u00e0 Cabannes\",\"description\":\"Association Les amis de Saint Michel\",\"potentialAction\":[{\"@type\":\"SearchAction\",\"target\":{\"@type\":\"EntryPoint\",\"urlTemplate\":\"https:\\\/\\\/www.chapelle-saintmichel-provence.fr\\\/archange\\\/?s={search_term_string}\"},\"query-input\":{\"@type\":\"PropertyValueSpecification\",\"valueRequired\":true,\"valueName\":\"search_term_string\"}}],\"inLanguage\":\"fr-FR\"}]}<\/script>\n<!-- \/ Yoast SEO plugin. -->","yoast_head_json":{"title":"Les membres cr\u00e9ateurs - Chapelle Saint-Michel \u00e0 Cabannes","robots":{"index":"index","follow":"follow","max-snippet":"max-snippet:-1","max-image-preview":"max-image-preview:large","max-video-preview":"max-video-preview:-1"},"canonical":"https:\/\/www.chapelle-saintmichel-provence.fr\/archange\/association-amis-de-saint-michel\/les-membres-createurs\/","og_locale":"fr_FR","og_type":"article","og_title":"Les membres cr\u00e9ateurs - Chapelle Saint-Michel \u00e0 Cabannes","og_description":"Cr\u00e9\u00e9e par Jean GIRARD le 8 mars 1977 sous le N\u00b0 2217 aupr\u00e8s de la pr\u00e9fecture d\u2019Arles, elle \u00e9tait compos\u00e9e des personnes suivantes : Bureau de d\u00e9part : 8 mars 1977 Pr\u00e9sident = Jean GIRARD Vice-pr\u00e9sidents = Abb\u00e9 COLOMB et Marius LANCE Maire de Cabannes Tr\u00e9sorier = Henri ANDREOZZI Secr\u00e9taire = Jean Paul CHANEAC Comit\u00e9 &hellip; Continuer la lecture de Les membres cr\u00e9ateurs &rarr;","og_url":"https:\/\/www.chapelle-saintmichel-provence.fr\/archange\/association-amis-de-saint-michel\/les-membres-createurs\/","og_site_name":"Chapelle Saint-Michel \u00e0 Cabannes","og_image":[{"url":"http:\/\/www.chapelle-saintmichel-provence.fr\/archange\/wp-content\/uploads\/Papa-6opt-221x300.jpg","type":"","width":"","height":""}],"twitter_card":"summary_large_image","schema":{"@context":"https:\/\/schema.org","@graph":[{"@type":"WebPage","@id":"https:\/\/www.chapelle-saintmichel-provence.fr\/archange\/association-amis-de-saint-michel\/les-membres-createurs\/","url":"https:\/\/www.chapelle-saintmichel-provence.fr\/archange\/association-amis-de-saint-michel\/les-membres-createurs\/","name":"Les membres cr\u00e9ateurs - Chapelle Saint-Michel \u00e0 Cabannes","isPartOf":{"@id":"https:\/\/www.chapelle-saintmichel-provence.fr\/archange\/#website"},"primaryImageOfPage":{"@id":"https:\/\/www.chapelle-saintmichel-provence.fr\/archange\/association-amis-de-saint-michel\/les-membres-createurs\/#primaryimage"},"image":{"@id":"https:\/\/www.chapelle-saintmichel-provence.fr\/archange\/association-amis-de-saint-michel\/les-membres-createurs\/#primaryimage"},"thumbnailUrl":"http:\/\/www.chapelle-saintmichel-provence.fr\/archange\/wp-content\/uploads\/Papa-6opt-221x300.jpg","datePublished":"2016-03-24T16:52:52+00:00","breadcrumb":{"@id":"https:\/\/www.chapelle-saintmichel-provence.fr\/archange\/association-amis-de-saint-michel\/les-membres-createurs\/#breadcrumb"},"inLanguage":"fr-FR","potentialAction":[{"@type":"ReadAction","target":["https:\/\/www.chapelle-saintmichel-provence.fr\/archange\/association-amis-de-saint-michel\/les-membres-createurs\/"]}]},{"@type":"ImageObject","inLanguage":"fr-FR","@id":"https:\/\/www.chapelle-saintmichel-provence.fr\/archange\/association-amis-de-saint-michel\/les-membres-createurs\/#primaryimage","url":"https:\/\/www.chapelle-saintmichel-provence.fr\/archange\/wp-content\/uploads\/Papa-6opt.jpg","contentUrl":"https:\/\/www.chapelle-saintmichel-provence.fr\/archange\/wp-content\/uploads\/Papa-6opt.jpg","width":600,"height":814},{"@type":"BreadcrumbList","@id":"https:\/\/www.chapelle-saintmichel-provence.fr\/archange\/association-amis-de-saint-michel\/les-membres-createurs\/#breadcrumb","itemListElement":[{"@type":"ListItem","position":1,"name":"Accueil","item":"https:\/\/www.chapelle-saintmichel-provence.fr\/archange\/"},{"@type":"ListItem","position":2,"name":"Association des amis de Saint-Michel","item":"https:\/\/www.chapelle-saintmichel-provence.fr\/archange\/association-amis-de-saint-michel\/"},{"@type":"ListItem","position":3,"name":"Les membres cr\u00e9ateurs"}]},{"@type":"WebSite","@id":"https:\/\/www.chapelle-saintmichel-provence.fr\/archange\/#website","url":"https:\/\/www.chapelle-saintmichel-provence.fr\/archange\/","name":"Chapelle Saint-Michel \u00e0 Cabannes","description":"Association Les amis de Saint Michel","potentialAction":[{"@type":"SearchAction","target":{"@type":"EntryPoint","urlTemplate":"https:\/\/www.chapelle-saintmichel-provence.fr\/archange\/?s={search_term_string}"},"query-input":{"@type":"PropertyValueSpecification","valueRequired":true,"valueName":"search_term_string"}}],"inLanguage":"fr-FR"}]}},"_links":{"self":[{"href":"https:\/\/www.chapelle-saintmichel-provence.fr\/archange\/wp-json\/wp\/v2\/pages\/78","targetHints":{"allow":["GET"]}}],"collection":[{"href":"https:\/\/www.chapelle-saintmichel-provence.fr\/archange\/wp-json\/wp\/v2\/pages"}],"about":[{"href":"https:\/\/www.chapelle-saintmichel-provence.fr\/archange\/wp-json\/wp\/v2\/types\/page"}],"author":[{"embeddable":true,"href":"https:\/\/www.chapelle-saintmichel-provence.fr\/archange\/wp-json\/wp\/v2\/users\/1"}],"replies":[{"embeddable":true,"href":"https:\/\/www.chapelle-saintmichel-provence.fr\/archange\/wp-json\/wp\/v2\/comments?post=78"}],"version-history":[{"count":1,"href":"https:\/\/www.chapelle-saintmichel-provence.fr\/archange\/wp-json\/wp\/v2\/pages\/78\/revisions"}],"predecessor-version":[{"id":80,"href":"https:\/\/www.chapelle-saintmichel-provence.fr\/archange\/wp-json\/wp\/v2\/pages\/78\/revisions\/80"}],"up":[{"embeddable":true,"href":"https:\/\/www.chapelle-saintmichel-provence.fr\/archange\/wp-json\/wp\/v2\/pages\/15"}],"wp:attachment":[{"href":"https:\/\/www.chapelle-saintmichel-provence.fr\/archange\/wp-json\/wp\/v2\/media?parent=78"}],"curies":[{"name":"wp","href":"https:\/\/api.w.org\/{rel}","templated":true}]}}