{"id":56,"date":"2016-03-23T18:20:04","date_gmt":"2016-03-23T17:20:04","guid":{"rendered":"http:\/\/www.chapelle-saintmichel-provence.fr\/archange\/?page_id=56"},"modified":"2016-03-23T18:22:26","modified_gmt":"2016-03-23T17:22:26","slug":"fete-des-rogations","status":"publish","type":"page","link":"https:\/\/www.chapelle-saintmichel-provence.fr\/archange\/histoire-de-chapelle\/fete-des-rogations\/","title":{"rendered":"F\u00eate des rogations"},"content":{"rendered":"<p><img loading=\"lazy\" decoding=\"async\" class=\"size-medium wp-image-58 alignright\" src=\"http:\/\/www.chapelle-saintmichel-provence.fr\/archange\/wp-content\/uploads\/DSC00183opt-300x225.jpg\" alt=\"DSC00183opt\" width=\"300\" height=\"225\" srcset=\"https:\/\/www.chapelle-saintmichel-provence.fr\/archange\/wp-content\/uploads\/DSC00183opt-300x225.jpg 300w, https:\/\/www.chapelle-saintmichel-provence.fr\/archange\/wp-content\/uploads\/DSC00183opt.jpg 600w\" sizes=\"auto, (max-width: 300px) 100vw, 300px\" \/>&#8211; Rogations, du latin \u00a0\u00bb rogatio \u00ab\u00a0, veut dire une pri\u00e8re de demande. \u00a0\u00bb Les Rogations \u00a0\u00bb sont une pri\u00e8re de demande liturgique, accomplie par la Communaut\u00e9 Chr\u00e9tienne \u00e0 une \u00e9poque de l&rsquo;ann\u00e9e fix\u00e9e au printemps, les trois jours avant l&rsquo;Ascension.<\/p>\n<p>Elles ont pour objet de demander \u00e0 Dieu un climat favorable, une protection contre les calamit\u00e9s et peuvent \u00eatre accompagn\u00e9es d&rsquo;une b\u00e9n\u00e9diction de la terre, des champs et des instruments de travail. On peut aussi les faire dans des circonstances diverses, comme par exemple aujourd&rsquo;hui la fi\u00e8vre aphteuse, la maladie de la vache folle, les inondations, etc\u2026<\/p>\n<p>&#8211;\u00a0 Histoire des Rogations<\/p>\n<p>Les Rogations avaient \u00e9t\u00e9 institu\u00e9es vers 474 par Saint Mamert (encore connu dans le dicton m\u00e9t\u00e9orologique parmi les \u00a0\u00bb Saints de Glace \u00ab\u00a0, avec les Saints Pancrace et Servais dont la f\u00eate tombe les 11, 12 et 13 mai ; c&rsquo;est \u00e0 cette \u00e9poque en effet que peuvent survenir les derni\u00e8res gel\u00e9es, les plus dangereuses pour la v\u00e9g\u00e9tation).<\/p>\n<p>A l&rsquo;\u00e9poque il y avait des calamit\u00e9s de tout ordre, non seulement agricoles, mais aussi tremblements de terre, destructions incendies et guerres, Saint Mamert proposa donc au peuple chr\u00e9tien trois jours de pri\u00e8res, processions, litanies et je\u00fbne. On dit que, plus tard, Charlemagne suivait lui-m\u00eame \u00e0 pied cette procession. Les rogations en tout cas avaient \u00e9t\u00e9 \u00e9tendues \u00e0 toute la Gaule Romaine : par Sidoine Apollinaire \u00e0 Clermont, et C\u00e9saire d&rsquo;Arles les trouve d\u00e9j\u00e0 \u00e9tablies dans son dioc\u00e8se. Les Conciles d&rsquo;Orl\u00e9ans en 511 , de Tours et de Lyon en 567 ordonnent de les c\u00e9l\u00e9brer , et unifient leur date aux trois jours pr\u00e9c\u00e9dant l&rsquo;Ascension. Le pape Gr\u00e9goire Ier les institue \u00e0 Rome.<\/p>\n<p>Lors de la r\u00e9forme liturgique, en 1969, le nouveau \u00a0\u00bb Calendarium romanum \u00a0\u00bb a maintenu les pri\u00e8res des Rogations, mais en pr\u00e9cisant qu&rsquo;elles ne pouvaient \u00eatre c\u00e9l\u00e9br\u00e9es \u00e0 la m\u00eame date sur toute la terre. En effet les Rogations, avec le temps, avaient accentu\u00e9 leur c\u00f4t\u00e9 rural, avec des processions et aspersions d&rsquo;eau b\u00e9nite dans les champs, et \u00e9taient attach\u00e9es au printemps de l&rsquo;h\u00e9misph\u00e8re bor\u00e9al.<br \/>\nLe Calendrier Romain de 1969 observait aussi qu&rsquo;elles n&rsquo;avaient pas le m\u00eame sens et la m\u00eame importance \u00e0 la ville et \u00e0 la campagne. Enfin il donnait t\u00e2che aux Conf\u00e9rences \u00e9piscopales pour en fixer \u00a0\u00bb la discipline \u00ab\u00a0. A ce jour, la Conf\u00e9rence \u00e9piscopale fran\u00e7aise n&rsquo;a rien fix\u00e9.<\/p>\n<p>M\u00eame si elles n&rsquo;ont pas de caract\u00e8re obligatoire, on peut donc toujours c\u00e9l\u00e9brer des Rogations \u00e0 l&rsquo;\u00e9poque du printemps, les trois jours qui pr\u00e9c\u00e8dent l&rsquo;Ascension, avec des litanies apr\u00e8s une messe ou au cours d&rsquo;une procession ; une b\u00e9n\u00e9diction avec de l&rsquo;eau b\u00e9nite peut \u00eatre faite. On pourrait d&rsquo;ailleurs faire de telles pri\u00e8res \u00e0 d&rsquo;autres \u00e9poques selon les circonstances. On trouve dans le \u00a0\u00bb Livre des B\u00e9n\u00e9dictions \u00a0\u00bb une b\u00e9n\u00e9diction sur la terre qui peut \u00eatre faite justement pendant les Rogations.<\/p>\n<p><img loading=\"lazy\" decoding=\"async\" class=\"alignnone size-medium wp-image-60\" src=\"http:\/\/www.chapelle-saintmichel-provence.fr\/archange\/wp-content\/uploads\/DSC03885-1-300x225.jpg\" alt=\"DSC03885-1\" width=\"300\" height=\"225\" srcset=\"https:\/\/www.chapelle-saintmichel-provence.fr\/archange\/wp-content\/uploads\/DSC03885-1-300x225.jpg 300w, https:\/\/www.chapelle-saintmichel-provence.fr\/archange\/wp-content\/uploads\/DSC03885-1.jpg 392w\" sizes=\"auto, (max-width: 300px) 100vw, 300px\" \/>\u00a0\u00a0 <img loading=\"lazy\" decoding=\"async\" class=\"alignnone size-medium wp-image-59\" src=\"http:\/\/www.chapelle-saintmichel-provence.fr\/archange\/wp-content\/uploads\/DSC03884-1-231x300.jpg\" alt=\"DSC03884-1\" width=\"231\" height=\"300\" srcset=\"https:\/\/www.chapelle-saintmichel-provence.fr\/archange\/wp-content\/uploads\/DSC03884-1-231x300.jpg 231w, https:\/\/www.chapelle-saintmichel-provence.fr\/archange\/wp-content\/uploads\/DSC03884-1.jpg 326w\" sizes=\"auto, (max-width: 231px) 100vw, 231px\" \/><\/p>\n","protected":false},"excerpt":{"rendered":"<p>&#8211; Rogations, du latin \u00a0\u00bb rogatio \u00ab\u00a0, veut dire une pri\u00e8re de demande. \u00a0\u00bb Les Rogations \u00a0\u00bb sont une pri\u00e8re de demande liturgique, accomplie par la Communaut\u00e9 Chr\u00e9tienne \u00e0 une \u00e9poque de l&rsquo;ann\u00e9e fix\u00e9e au printemps, les trois jours avant l&rsquo;Ascension. Elles ont pour objet de demander \u00e0 Dieu un climat favorable, une protection contre &hellip; <a href=\"https:\/\/www.chapelle-saintmichel-provence.fr\/archange\/histoire-de-chapelle\/fete-des-rogations\/\" class=\"more-link\">Continuer la lecture de <span class=\"screen-reader-text\">F\u00eate des rogations<\/span> <span class=\"meta-nav\">&rarr;<\/span><\/a><\/p>\n","protected":false},"author":1,"featured_media":0,"parent":11,"menu_order":10,"comment_status":"closed","ping_status":"closed","template":"","meta":{"footnotes":""},"class_list":["post-56","page","type-page","status-publish","hentry"],"yoast_head":"<!-- This site is optimized with the Yoast SEO plugin v27.5 - https:\/\/yoast.com\/product\/yoast-seo-wordpress\/ -->\n<title>F\u00eate des rogations - Chapelle Saint-Michel \u00e0 Cabannes<\/title>\n<meta name=\"robots\" content=\"index, follow, max-snippet:-1, max-image-preview:large, max-video-preview:-1\" \/>\n<link rel=\"canonical\" href=\"http:\/\/www.chapelle-saintmichel-provence.fr\/archange\/histoire-de-chapelle\/fete-des-rogations\/\" \/>\n<meta property=\"og:locale\" content=\"fr_FR\" \/>\n<meta property=\"og:type\" content=\"article\" \/>\n<meta property=\"og:title\" content=\"F\u00eate des rogations - Chapelle Saint-Michel \u00e0 Cabannes\" \/>\n<meta property=\"og:description\" content=\"&#8211; Rogations, du latin \u00a0\u00bb rogatio \u00ab\u00a0, veut dire une pri\u00e8re de demande. \u00a0\u00bb Les Rogations \u00a0\u00bb sont une pri\u00e8re de demande liturgique, accomplie par la Communaut\u00e9 Chr\u00e9tienne \u00e0 une \u00e9poque de l&rsquo;ann\u00e9e fix\u00e9e au printemps, les trois jours avant l&rsquo;Ascension. Elles ont pour objet de demander \u00e0 Dieu un climat favorable, une protection contre &hellip; Continuer la lecture de F\u00eate des rogations &rarr;\" \/>\n<meta property=\"og:url\" content=\"http:\/\/www.chapelle-saintmichel-provence.fr\/archange\/histoire-de-chapelle\/fete-des-rogations\/\" \/>\n<meta property=\"og:site_name\" content=\"Chapelle Saint-Michel \u00e0 Cabannes\" \/>\n<meta property=\"article:modified_time\" content=\"2016-03-23T17:22:26+00:00\" \/>\n<meta property=\"og:image\" content=\"http:\/\/www.chapelle-saintmichel-provence.fr\/archange\/wp-content\/uploads\/DSC00183opt-300x225.jpg\" \/>\n<meta name=\"twitter:card\" content=\"summary_large_image\" \/>\n<meta name=\"twitter:label1\" content=\"Dur\u00e9e de lecture estim\u00e9e\" \/>\n\t<meta name=\"twitter:data1\" content=\"2 minutes\" \/>\n<script type=\"application\/ld+json\" class=\"yoast-schema-graph\">{\"@context\":\"https:\\\/\\\/schema.org\",\"@graph\":[{\"@type\":\"WebPage\",\"@id\":\"http:\\\/\\\/www.chapelle-saintmichel-provence.fr\\\/archange\\\/histoire-de-chapelle\\\/fete-des-rogations\\\/\",\"url\":\"http:\\\/\\\/www.chapelle-saintmichel-provence.fr\\\/archange\\\/histoire-de-chapelle\\\/fete-des-rogations\\\/\",\"name\":\"F\u00eate des rogations - Chapelle Saint-Michel \u00e0 Cabannes\",\"isPartOf\":{\"@id\":\"http:\\\/\\\/www.chapelle-saintmichel-provence.fr\\\/archange\\\/#website\"},\"primaryImageOfPage\":{\"@id\":\"http:\\\/\\\/www.chapelle-saintmichel-provence.fr\\\/archange\\\/histoire-de-chapelle\\\/fete-des-rogations\\\/#primaryimage\"},\"image\":{\"@id\":\"http:\\\/\\\/www.chapelle-saintmichel-provence.fr\\\/archange\\\/histoire-de-chapelle\\\/fete-des-rogations\\\/#primaryimage\"},\"thumbnailUrl\":\"http:\\\/\\\/www.chapelle-saintmichel-provence.fr\\\/archange\\\/wp-content\\\/uploads\\\/DSC00183opt-300x225.jpg\",\"datePublished\":\"2016-03-23T17:20:04+00:00\",\"dateModified\":\"2016-03-23T17:22:26+00:00\",\"breadcrumb\":{\"@id\":\"http:\\\/\\\/www.chapelle-saintmichel-provence.fr\\\/archange\\\/histoire-de-chapelle\\\/fete-des-rogations\\\/#breadcrumb\"},\"inLanguage\":\"fr-FR\",\"potentialAction\":[{\"@type\":\"ReadAction\",\"target\":[\"http:\\\/\\\/www.chapelle-saintmichel-provence.fr\\\/archange\\\/histoire-de-chapelle\\\/fete-des-rogations\\\/\"]}]},{\"@type\":\"ImageObject\",\"inLanguage\":\"fr-FR\",\"@id\":\"http:\\\/\\\/www.chapelle-saintmichel-provence.fr\\\/archange\\\/histoire-de-chapelle\\\/fete-des-rogations\\\/#primaryimage\",\"url\":\"https:\\\/\\\/www.chapelle-saintmichel-provence.fr\\\/archange\\\/wp-content\\\/uploads\\\/DSC00183opt.jpg\",\"contentUrl\":\"https:\\\/\\\/www.chapelle-saintmichel-provence.fr\\\/archange\\\/wp-content\\\/uploads\\\/DSC00183opt.jpg\",\"width\":600,\"height\":450},{\"@type\":\"BreadcrumbList\",\"@id\":\"http:\\\/\\\/www.chapelle-saintmichel-provence.fr\\\/archange\\\/histoire-de-chapelle\\\/fete-des-rogations\\\/#breadcrumb\",\"itemListElement\":[{\"@type\":\"ListItem\",\"position\":1,\"name\":\"Accueil\",\"item\":\"http:\\\/\\\/www.chapelle-saintmichel-provence.fr\\\/archange\\\/\"},{\"@type\":\"ListItem\",\"position\":2,\"name\":\"Histoire de la Chapelle\",\"item\":\"http:\\\/\\\/www.chapelle-saintmichel-provence.fr\\\/archange\\\/histoire-de-chapelle\\\/\"},{\"@type\":\"ListItem\",\"position\":3,\"name\":\"F\u00eate des rogations\"}]},{\"@type\":\"WebSite\",\"@id\":\"http:\\\/\\\/www.chapelle-saintmichel-provence.fr\\\/archange\\\/#website\",\"url\":\"http:\\\/\\\/www.chapelle-saintmichel-provence.fr\\\/archange\\\/\",\"name\":\"Chapelle Saint-Michel \u00e0 Cabannes\",\"description\":\"Association Les amis de Saint Michel\",\"potentialAction\":[{\"@type\":\"SearchAction\",\"target\":{\"@type\":\"EntryPoint\",\"urlTemplate\":\"http:\\\/\\\/www.chapelle-saintmichel-provence.fr\\\/archange\\\/?s={search_term_string}\"},\"query-input\":{\"@type\":\"PropertyValueSpecification\",\"valueRequired\":true,\"valueName\":\"search_term_string\"}}],\"inLanguage\":\"fr-FR\"}]}<\/script>\n<!-- \/ Yoast SEO plugin. -->","yoast_head_json":{"title":"F\u00eate des rogations - Chapelle Saint-Michel \u00e0 Cabannes","robots":{"index":"index","follow":"follow","max-snippet":"max-snippet:-1","max-image-preview":"max-image-preview:large","max-video-preview":"max-video-preview:-1"},"canonical":"http:\/\/www.chapelle-saintmichel-provence.fr\/archange\/histoire-de-chapelle\/fete-des-rogations\/","og_locale":"fr_FR","og_type":"article","og_title":"F\u00eate des rogations - Chapelle Saint-Michel \u00e0 Cabannes","og_description":"&#8211; Rogations, du latin \u00a0\u00bb rogatio \u00ab\u00a0, veut dire une pri\u00e8re de demande. \u00a0\u00bb Les Rogations \u00a0\u00bb sont une pri\u00e8re de demande liturgique, accomplie par la Communaut\u00e9 Chr\u00e9tienne \u00e0 une \u00e9poque de l&rsquo;ann\u00e9e fix\u00e9e au printemps, les trois jours avant l&rsquo;Ascension. Elles ont pour objet de demander \u00e0 Dieu un climat favorable, une protection contre &hellip; Continuer la lecture de F\u00eate des rogations &rarr;","og_url":"http:\/\/www.chapelle-saintmichel-provence.fr\/archange\/histoire-de-chapelle\/fete-des-rogations\/","og_site_name":"Chapelle Saint-Michel \u00e0 Cabannes","article_modified_time":"2016-03-23T17:22:26+00:00","og_image":[{"url":"http:\/\/www.chapelle-saintmichel-provence.fr\/archange\/wp-content\/uploads\/DSC00183opt-300x225.jpg","type":"","width":"","height":""}],"twitter_card":"summary_large_image","twitter_misc":{"Dur\u00e9e de lecture estim\u00e9e":"2 minutes"},"schema":{"@context":"https:\/\/schema.org","@graph":[{"@type":"WebPage","@id":"http:\/\/www.chapelle-saintmichel-provence.fr\/archange\/histoire-de-chapelle\/fete-des-rogations\/","url":"http:\/\/www.chapelle-saintmichel-provence.fr\/archange\/histoire-de-chapelle\/fete-des-rogations\/","name":"F\u00eate des rogations - Chapelle Saint-Michel \u00e0 Cabannes","isPartOf":{"@id":"http:\/\/www.chapelle-saintmichel-provence.fr\/archange\/#website"},"primaryImageOfPage":{"@id":"http:\/\/www.chapelle-saintmichel-provence.fr\/archange\/histoire-de-chapelle\/fete-des-rogations\/#primaryimage"},"image":{"@id":"http:\/\/www.chapelle-saintmichel-provence.fr\/archange\/histoire-de-chapelle\/fete-des-rogations\/#primaryimage"},"thumbnailUrl":"http:\/\/www.chapelle-saintmichel-provence.fr\/archange\/wp-content\/uploads\/DSC00183opt-300x225.jpg","datePublished":"2016-03-23T17:20:04+00:00","dateModified":"2016-03-23T17:22:26+00:00","breadcrumb":{"@id":"http:\/\/www.chapelle-saintmichel-provence.fr\/archange\/histoire-de-chapelle\/fete-des-rogations\/#breadcrumb"},"inLanguage":"fr-FR","potentialAction":[{"@type":"ReadAction","target":["http:\/\/www.chapelle-saintmichel-provence.fr\/archange\/histoire-de-chapelle\/fete-des-rogations\/"]}]},{"@type":"ImageObject","inLanguage":"fr-FR","@id":"http:\/\/www.chapelle-saintmichel-provence.fr\/archange\/histoire-de-chapelle\/fete-des-rogations\/#primaryimage","url":"https:\/\/www.chapelle-saintmichel-provence.fr\/archange\/wp-content\/uploads\/DSC00183opt.jpg","contentUrl":"https:\/\/www.chapelle-saintmichel-provence.fr\/archange\/wp-content\/uploads\/DSC00183opt.jpg","width":600,"height":450},{"@type":"BreadcrumbList","@id":"http:\/\/www.chapelle-saintmichel-provence.fr\/archange\/histoire-de-chapelle\/fete-des-rogations\/#breadcrumb","itemListElement":[{"@type":"ListItem","position":1,"name":"Accueil","item":"http:\/\/www.chapelle-saintmichel-provence.fr\/archange\/"},{"@type":"ListItem","position":2,"name":"Histoire de la Chapelle","item":"http:\/\/www.chapelle-saintmichel-provence.fr\/archange\/histoire-de-chapelle\/"},{"@type":"ListItem","position":3,"name":"F\u00eate des rogations"}]},{"@type":"WebSite","@id":"http:\/\/www.chapelle-saintmichel-provence.fr\/archange\/#website","url":"http:\/\/www.chapelle-saintmichel-provence.fr\/archange\/","name":"Chapelle Saint-Michel \u00e0 Cabannes","description":"Association Les amis de Saint Michel","potentialAction":[{"@type":"SearchAction","target":{"@type":"EntryPoint","urlTemplate":"http:\/\/www.chapelle-saintmichel-provence.fr\/archange\/?s={search_term_string}"},"query-input":{"@type":"PropertyValueSpecification","valueRequired":true,"valueName":"search_term_string"}}],"inLanguage":"fr-FR"}]}},"_links":{"self":[{"href":"https:\/\/www.chapelle-saintmichel-provence.fr\/archange\/wp-json\/wp\/v2\/pages\/56","targetHints":{"allow":["GET"]}}],"collection":[{"href":"https:\/\/www.chapelle-saintmichel-provence.fr\/archange\/wp-json\/wp\/v2\/pages"}],"about":[{"href":"https:\/\/www.chapelle-saintmichel-provence.fr\/archange\/wp-json\/wp\/v2\/types\/page"}],"author":[{"embeddable":true,"href":"https:\/\/www.chapelle-saintmichel-provence.fr\/archange\/wp-json\/wp\/v2\/users\/1"}],"replies":[{"embeddable":true,"href":"https:\/\/www.chapelle-saintmichel-provence.fr\/archange\/wp-json\/wp\/v2\/comments?post=56"}],"version-history":[{"count":3,"href":"https:\/\/www.chapelle-saintmichel-provence.fr\/archange\/wp-json\/wp\/v2\/pages\/56\/revisions"}],"predecessor-version":[{"id":62,"href":"https:\/\/www.chapelle-saintmichel-provence.fr\/archange\/wp-json\/wp\/v2\/pages\/56\/revisions\/62"}],"up":[{"embeddable":true,"href":"https:\/\/www.chapelle-saintmichel-provence.fr\/archange\/wp-json\/wp\/v2\/pages\/11"}],"wp:attachment":[{"href":"https:\/\/www.chapelle-saintmichel-provence.fr\/archange\/wp-json\/wp\/v2\/media?parent=56"}],"curies":[{"name":"wp","href":"https:\/\/api.w.org\/{rel}","templated":true}]}}